{"id":10,"date":"2020-08-25T11:45:37","date_gmt":"2020-08-25T11:45:37","guid":{"rendered":"https:\/\/france.ludosport.net\/home\/"},"modified":"2024-08-20T13:17:02","modified_gmt":"2024-08-20T13:17:02","slug":"home","status":"publish","type":"page","link":"https:\/\/france.ludosport.net\/","title":{"rendered":""},"content":{"rendered":"\n<div class=\"wp-block-uagb-container uagb-block-325090a1 alignfull uagb-is-root-container\"><div class=\"uagb-container-inner-blocks-wrap\">\n<div class=\"wp-block-uagb-advanced-heading uagb-block-d969a1d1\"><h1 class=\"uagb-heading-text\">Ludosport France<\/h1><\/div>\n\n\n\n<div class=\"wp-block-uagb-buttons uagb-buttons__outer-wrap uagb-btn__default-btn uagb-btn-tablet__default-btn uagb-btn-mobile__default-btn uagb-block-ec2db5f1\"><div class=\"uagb-buttons__wrap uagb-buttons-layout-wrap\"><\/div><\/div>\n<\/div><\/div>\n\n\n\n<div id=\"about\" class=\"wp-block-uagb-container uagb-block-4e12dc22 alignfull uagb-is-root-container\"><div class=\"uagb-container-inner-blocks-wrap\">\n<div class=\"wp-block-uagb-container uagb-block-4c5335b2 alignfull uagb-is-root-container\"><div class=\"uagb-container-inner-blocks-wrap\">\n<div class=\"wp-block-uagb-container uagb-block-5b53d638\">\n<div class=\"wp-block-uagb-info-box uagb-block-46cce2dc uagb-infobox__content-wrap  uagb-infobox-icon-above-title uagb-infobox-image-valign-top\"><div class=\"uagb-ifb-content\"><div class=\"uagb-ifb-title-wrap\"><h2 class=\"uagb-ifb-title\">Un sport de combat !<\/h2><\/div><div class=\"uagb-ifb-separator\"><\/div><p class=\"uagb-ifb-desc\">Ludosport est une discipline sportive internationale innovante qui int\u00e8gre l&#8217;art du combat au sabre lumineux avec les principes des arts martiaux traditionnels. Cette pratique offre un entra\u00eenement physique dynamique et captivant, ouvert \u00e0 tous, peu importe l&#8217;\u00e2ge ou la condition physique. <br><br>Les cours, structur\u00e9s en formes de combat sp\u00e9cifiques, permettent aux participants d&#8217;acqu\u00e9rir et de ma\u00eetriser des techniques vari\u00e9es, de la d\u00e9fense \u00e0 l&#8217;attaque agile, dans un cadre s\u00e9curis\u00e9 et respectueux. Au-del\u00e0 de l&#8217;entra\u00eenement physique, Ludosport v\u00e9hicule des valeurs de respect, de discipline et d&#8217;esprit d&#8217;\u00e9quipe, contribuant \u00e0 l&#8217;\u00e9panouissement mental et physique des pratiquants. <br><br>Ludosport propose \u00e9galement des comp\u00e9titions r\u00e9guli\u00e8res, offrant aux participants l&#8217;opportunit\u00e9 de tester leurs comp\u00e9tences dans un environnement comp\u00e9titif et amical. Rejoignez la communaut\u00e9 de Ludosport pour une exp\u00e9rience unique alliant sport, plaisir et d\u00e9veloppement personnel.&#8221;<\/p><\/div><\/div>\n\n\n\n<div class=\"wp-block-uagb-container uagb-block-49dd9b83 alignfull uagb-is-root-container\"><div class=\"uagb-container-inner-blocks-wrap\"><\/div><\/div>\n<\/div>\n\n\n\n<div class=\"wp-block-uagb-container uagb-block-f482cc16\">\n<div class=\"wp-block-uagb-image uagb-block-7159a0e4 wp-block-uagb-image--layout-default wp-block-uagb-image--effect-static wp-block-uagb-image--align-none\"><figure class=\"wp-block-uagb-image__figure\"><img decoding=\"async\" srcset=\"https:\/\/france.ludosport.net\/wp-content\/uploads\/2023\/10\/A0473C62-D876-4DBC-8957-5E75B7E5DCF3-1032-0000001D5A1E27D6-scaled.jpg ,https:\/\/france.ludosport.net\/wp-content\/uploads\/2023\/10\/A0473C62-D876-4DBC-8957-5E75B7E5DCF3-1032-0000001D5A1E27D6-scaled.jpg 780w, https:\/\/france.ludosport.net\/wp-content\/uploads\/2023\/10\/A0473C62-D876-4DBC-8957-5E75B7E5DCF3-1032-0000001D5A1E27D6-scaled.jpg 360w\" sizes=\"auto, (max-width: 480px) 150px\" src=\"https:\/\/france.ludosport.net\/wp-content\/uploads\/2023\/10\/A0473C62-D876-4DBC-8957-5E75B7E5DCF3-1032-0000001D5A1E27D6-scaled.jpg\" alt=\"\" class=\"uag-image-427\" width=\"2560\" height=\"1707\" title=\"\" loading=\"lazy\"\/><\/figure><\/div>\n<\/div>\n<\/div><\/div>\n<\/div><\/div>\n\n\n\n<div id=\"training\" class=\"wp-block-uagb-container uagb-block-499f3fea alignfull uagb-is-root-container\"><div class=\"uagb-container-inner-blocks-wrap\">\n<div class=\"wp-block-uagb-container uagb-block-94669ae0 alignfull uagb-is-root-container\"><div class=\"uagb-container-inner-blocks-wrap\">\n<div class=\"wp-block-uagb-container uagb-block-cfca5207\">\n<div class=\"wp-block-uagb-info-box uagb-block-8c99b51e uagb-infobox__content-wrap  uagb-infobox-icon-above-title uagb-infobox-image-valign-top\"><div class=\"uagb-ifb-content\"><div class=\"uagb-ifb-title-wrap\"><h2 class=\"uagb-ifb-title\">5 acad\u00e9mies en France<\/h2><\/div><div class=\"uagb-ifb-separator\"><\/div><p class=\"uagb-ifb-desc\">Vous pouvez venir pratiquer dans chacune des acad\u00e9mies qui participeront ensuite au tournoi national Ludosport !<\/p><\/div><\/div>\n<\/div>\n\n\n\n<div class=\"wp-block-uagb-container uagb-block-1839146f\">\n<div class=\"wp-block-uagb-icon-list uagb-block-cf42acc3\"><div class=\"uagb-icon-list__wrap\">\n<div class=\"wp-block-uagb-icon-list-child uagb-block-e6fdd537\"><span class=\"uagb-icon-list__source-wrap\"><svg xmlns=\"https:\/\/www.w3.org\/2000\/svg\" viewBox=\"0 0 256 512\"><path d=\"M64 448c-8.188 0-16.38-3.125-22.62-9.375c-12.5-12.5-12.5-32.75 0-45.25L178.8 256L41.38 118.6c-12.5-12.5-12.5-32.75 0-45.25s32.75-12.5 45.25 0l160 160c12.5 12.5 12.5 32.75 0 45.25l-160 160C80.38 444.9 72.19 448 64 448z\"><\/path><\/svg><\/span><span class=\"uagb-icon-list__label\">Ludosport Paris<\/span><\/div>\n\n\n\n<div class=\"wp-block-uagb-icon-list-child uagb-block-d1c9b6cb\"><span class=\"uagb-icon-list__source-wrap\"><svg xmlns=\"https:\/\/www.w3.org\/2000\/svg\" viewBox=\"0 0 256 512\"><path d=\"M64 448c-8.188 0-16.38-3.125-22.62-9.375c-12.5-12.5-12.5-32.75 0-45.25L178.8 256L41.38 118.6c-12.5-12.5-12.5-32.75 0-45.25s32.75-12.5 45.25 0l160 160c12.5 12.5 12.5 32.75 0 45.25l-160 160C80.38 444.9 72.19 448 64 448z\"><\/path><\/svg><\/span><span class=\"uagb-icon-list__label\">Ludosport Occitanie<\/span><\/div>\n\n\n\n<div class=\"wp-block-uagb-icon-list-child uagb-block-227c06ca\"><span class=\"uagb-icon-list__source-wrap\"><svg xmlns=\"https:\/\/www.w3.org\/2000\/svg\" viewBox=\"0 0 256 512\"><path d=\"M64 448c-8.188 0-16.38-3.125-22.62-9.375c-12.5-12.5-12.5-32.75 0-45.25L178.8 256L41.38 118.6c-12.5-12.5-12.5-32.75 0-45.25s32.75-12.5 45.25 0l160 160c12.5 12.5 12.5 32.75 0 45.25l-160 160C80.38 444.9 72.19 448 64 448z\"><\/path><\/svg><\/span><span class=\"uagb-icon-list__label\">Ludosport Bussy<\/span><\/div>\n\n\n\n<div class=\"wp-block-uagb-icon-list-child uagb-block-be4d68a6\"><span class=\"uagb-icon-list__source-wrap\"><svg xmlns=\"https:\/\/www.w3.org\/2000\/svg\" viewBox=\"0 0 256 512\"><path d=\"M64 448c-8.188 0-16.38-3.125-22.62-9.375c-12.5-12.5-12.5-32.75 0-45.25L178.8 256L41.38 118.6c-12.5-12.5-12.5-32.75 0-45.25s32.75-12.5 45.25 0l160 160c12.5 12.5 12.5 32.75 0 45.25l-160 160C80.38 444.9 72.19 448 64 448z\"><\/path><\/svg><\/span><span class=\"uagb-icon-list__label\">Ludosport Tours<\/span><\/div>\n\n\n\n<div class=\"wp-block-uagb-icon-list-child uagb-block-bb514da7\"><span class=\"uagb-icon-list__source-wrap\"><svg xmlns=\"https:\/\/www.w3.org\/2000\/svg\" viewBox=\"0 0 256 512\"><path d=\"M64 448c-8.188 0-16.38-3.125-22.62-9.375c-12.5-12.5-12.5-32.75 0-45.25L178.8 256L41.38 118.6c-12.5-12.5-12.5-32.75 0-45.25s32.75-12.5 45.25 0l160 160c12.5 12.5 12.5 32.75 0 45.25l-160 160C80.38 444.9 72.19 448 64 448z\"><\/path><\/svg><\/span><span class=\"uagb-icon-list__label\">Ludosport R\u00e9union<\/span><\/div>\n<\/div><\/div>\n<\/div>\n\n\n\n<div class=\"wp-block-columns is-layout-flex wp-container-core-columns-is-layout-28f84493 wp-block-columns-is-layout-flex\">\n<div class=\"wp-block-column is-layout-flow wp-block-column-is-layout-flow\" style=\"flex-basis:100%\">\n<figure class=\"wp-block-image size-full is-resized\"><img loading=\"lazy\" decoding=\"async\" width=\"468\" height=\"465\" src=\"https:\/\/france.ludosport.net\/wp-content\/uploads\/2023\/10\/lsp-1.png\" alt=\"\" class=\"wp-image-426\" style=\"width:341px;height:auto\" srcset=\"https:\/\/france.ludosport.net\/wp-content\/uploads\/2023\/10\/lsp-1.png 468w, https:\/\/france.ludosport.net\/wp-content\/uploads\/2023\/10\/lsp-1-300x298.png 300w, https:\/\/france.ludosport.net\/wp-content\/uploads\/2023\/10\/lsp-1-150x150.png 150w\" sizes=\"auto, (max-width: 468px) 100vw, 468px\" \/><\/figure>\n<\/div>\n<\/div>\n<\/div><\/div>\n<\/div><\/div>\n\n\n\n<div id=\"rates\" class=\"wp-block-uagb-container uagb-block-3eb6cc96 alignfull uagb-is-root-container\"><div class=\"uagb-container-inner-blocks-wrap\">\n<div class=\"wp-block-columns is-layout-flex wp-container-core-columns-is-layout-28f84493 wp-block-columns-is-layout-flex\">\n<div class=\"wp-block-column is-layout-flow wp-block-column-is-layout-flow\" style=\"flex-basis:100%\">\n<h2 class=\"wp-block-heading\"><mark style=\"background-color:rgba(0, 0, 0, 0)\" class=\"has-inline-color has-ast-global-color-5-color\">Un parcours p\u00e9dagogique complet<\/mark><\/h2>\n\n\n\n<div class=\"wp-block-columns is-layout-flex wp-container-core-columns-is-layout-28f84493 wp-block-columns-is-layout-flex\">\n<div class=\"wp-block-column is-layout-flow wp-block-column-is-layout-flow\">\n<figure class=\"wp-block-image size-large is-resized\"><img loading=\"lazy\" decoding=\"async\" width=\"950\" height=\"1024\" src=\"https:\/\/france.ludosport.net\/wp-content\/uploads\/2023\/11\/infografica-ludosport2mod-1-e1705359908634-950x1024.jpg\" alt=\"\" class=\"wp-image-441\" style=\"width:588px;height:auto\" srcset=\"https:\/\/france.ludosport.net\/wp-content\/uploads\/2023\/11\/infografica-ludosport2mod-1-e1705359908634-950x1024.jpg 950w, https:\/\/france.ludosport.net\/wp-content\/uploads\/2023\/11\/infografica-ludosport2mod-1-e1705359908634-278x300.jpg 278w, https:\/\/france.ludosport.net\/wp-content\/uploads\/2023\/11\/infografica-ludosport2mod-1-e1705359908634-768x828.jpg 768w, https:\/\/france.ludosport.net\/wp-content\/uploads\/2023\/11\/infografica-ludosport2mod-1-e1705359908634.jpg 1001w\" sizes=\"auto, (max-width: 950px) 100vw, 950px\" \/><\/figure>\n<\/div>\n\n\n\n<div class=\"wp-block-column has-ast-global-color-3-background-color has-background is-layout-flow wp-block-column-is-layout-flow\">\n<p class=\"has-ast-global-color-5-color has-ast-global-color-3-background-color has-text-color has-background has-link-color wp-elements-4b94284b5279588e73d67fa7cfb8b769\" style=\"margin-top:var(--wp--preset--spacing--20);margin-bottom:var(--wp--preset--spacing--20);padding-top:0px;padding-bottom:0px\">Au sein de Ludosport suivez un parcours p\u00e9dagogique complet au travers de 7 formes de combats et 3 armes distinctes<\/p>\n\n\n\n<p class=\"has-ast-global-color-5-color has-ast-global-color-3-background-color has-text-color has-background has-link-color wp-elements-0c515ba13711e9ea4c24d5f636c381b8\" style=\"margin-top:var(--wp--preset--spacing--20);margin-bottom:var(--wp--preset--spacing--20);padding-top:0px;padding-bottom:0px\"><strong>Deuxi\u00e8me Forme : <\/strong>Concentration sur le duel, avec un accent sur la pr\u00e9cision, le contr\u00f4le du centre et les techniques de riposte.<\/p>\n\n\n\n<p class=\"has-ast-global-color-5-color has-ast-global-color-3-background-color has-text-color has-background has-link-color wp-elements-68d88e83a0ba30ddf3c32eb7ff459316\" style=\"margin-top:var(--wp--preset--spacing--20);margin-bottom:var(--wp--preset--spacing--20);padding-top:0px;padding-bottom:0px\"><br><strong>Cours Y : <\/strong>Cours sp\u00e9cialis\u00e9 dans la d\u00e9couverte des formes avanc\u00e9es et des trois armes de Ludosport<\/p>\n\n\n\n<p class=\"has-ast-global-color-5-color has-ast-global-color-3-background-color has-text-color has-background has-link-color wp-elements-dbf3465b1d58b3d725d9c8fa90f796ef\" style=\"margin-top:var(--wp--preset--spacing--20);margin-bottom:var(--wp--preset--spacing--20);padding-top:0px;padding-bottom:0px\"><br><strong>Troisi\u00e8me Forme : <\/strong>Forme ax\u00e9e sur la r\u00e9action, enseignant comment se prot\u00e9ger contre diff\u00e9rentes attaques et les exploiter \u00e0 son avantage.<br><\/p>\n\n\n\n<p class=\"has-ast-global-color-5-color has-ast-global-color-3-background-color has-text-color has-background has-link-color wp-elements-b6c900718e3f54edf95c67a592c7fc1d\" style=\"margin-top:var(--wp--preset--spacing--20);margin-bottom:var(--wp--preset--spacing--20);padding-top:0px;padding-bottom:0px\"><strong>Quatri\u00e8me Forme :<\/strong> Forme dynamique et physique, mettant l&#8217;accent sur des mouvements rapides, surprenants et acrobatiques.<\/p>\n\n\n\n<p class=\"has-ast-global-color-5-color has-ast-global-color-3-background-color has-text-color has-background has-link-color wp-elements-0b6fd1c59925f162ec379163706549c4\" style=\"margin-top:var(--wp--preset--spacing--20);margin-bottom:var(--wp--preset--spacing--20);padding-top:0px;padding-bottom:0px\"><strong>Premi\u00e8re Forme :<\/strong> Introduction aux bases du maniement du sabre, ax\u00e9e sur les positions, les frappes simples et les mouvements de base.<\/p>\n\n\n\n<p class=\"has-ast-global-color-5-color has-ast-global-color-3-background-color has-text-color has-background has-link-color wp-elements-7f84f86a65d98a45e8700d6b5ff24eeb\" style=\"margin-top:var(--wp--preset--spacing--20);margin-bottom:var(--wp--preset--spacing--20);padding-top:0px;padding-bottom:0px\"><br><strong>Cinqui\u00e8me Forme : <\/strong>Combinaison de contr\u00f4le et d&#8217;attaques, avec des frappes fortes et maitris\u00e9es et des contr\u00f4les solides.<br><\/p>\n\n\n\n<p class=\"has-ast-global-color-5-color has-ast-global-color-3-background-color has-text-color has-background has-link-color wp-elements-fc1c9d478b7af96602a7200b481f9ef4\" style=\"margin-top:var(--wp--preset--spacing--20);margin-bottom:var(--wp--preset--spacing--20);padding-top:0px;padding-bottom:0px\"><strong>Sixi\u00e8me Forme :<\/strong> Forme \u00e9quilibr\u00e9e m\u00e9langeant des \u00e9l\u00e9ments des cinq premi\u00e8res formes, favorisant la polyvalence et l&#8217;adaptabilit\u00e9.<\/p>\n\n\n\n<p class=\"has-ast-global-color-5-color has-ast-global-color-3-background-color has-text-color has-background has-link-color wp-elements-a75f92e99f3ad6a8214b0ec19c1c176c\" style=\"margin-top:var(--wp--preset--spacing--20);margin-bottom:var(--wp--preset--spacing--20);padding-top:0px;padding-bottom:0px\"><br><strong>Septi\u00e8me Forme :<\/strong> Forme avanc\u00e9e et rapide, n\u00e9cessitant une grande ma\u00eetrise et une discipline mentale rigoureuse.<\/p>\n\n\n\n<p class=\"has-ast-global-color-5-color has-ast-global-color-3-background-color has-text-color has-background has-link-color wp-elements-f5d10082ad04794b746b143deb295801\" style=\"margin-top:var(--wp--preset--spacing--20);margin-bottom:var(--wp--preset--spacing--20);padding-top:0px;padding-bottom:0px\">Chacune de ces \u00e9tapes repr\u00e9sente un aspect unique du combat au sabre laser, permettant une progression graduelle et compl\u00e8te dans l&#8217;art du combat sportif au sabre laser.<br> <\/p>\n<\/div>\n<\/div>\n<\/div>\n<\/div>\n\n\n\n<ul class=\"wp-block-list\">\n<li><\/li>\n<\/ul>\n<\/div><\/div>\n\n\n\n<div id=\"about\" class=\"wp-block-uagb-container uagb-block-fd5237db alignfull uagb-is-root-container\"><div class=\"uagb-container-inner-blocks-wrap\">\n<div class=\"wp-block-uagb-container uagb-block-71d23290 alignfull uagb-is-root-container\"><div class=\"uagb-container-inner-blocks-wrap\">\n<div class=\"wp-block-uagb-container uagb-block-4b4e5a73\">\n<figure class=\"wp-block-image size-full\"><img loading=\"lazy\" decoding=\"async\" width=\"500\" height=\"271\" src=\"https:\/\/france.ludosport.net\/wp-content\/uploads\/2023\/10\/3saber-spec-1.jpg\" alt=\"\" class=\"wp-image-438\" srcset=\"https:\/\/france.ludosport.net\/wp-content\/uploads\/2023\/10\/3saber-spec-1.jpg 500w, https:\/\/france.ludosport.net\/wp-content\/uploads\/2023\/10\/3saber-spec-1-300x163.jpg 300w\" sizes=\"auto, (max-width: 500px) 100vw, 500px\" \/><\/figure>\n<\/div>\n\n\n\n<div class=\"wp-block-uagb-container uagb-block-87afaa02\">\n<div class=\"wp-block-uagb-info-box uagb-block-28abdb6b uagb-infobox__content-wrap  uagb-infobox-icon-above-title uagb-infobox-image-valign-top\"><div class=\"uagb-ifb-content\"><div class=\"uagb-ifb-title-wrap\"><h2 class=\"uagb-ifb-title\">Trois armes <\/h2><\/div><div class=\"uagb-ifb-separator\"><\/div><p class=\"uagb-ifb-desc\">Ludosport, un art martial innovant ax\u00e9 sur le combat au sabre laset, offre une exp\u00e9rience unique \u00e0 travers l&#8217;utilisation de trois armes distinctes, chacune avec son propre style et technique.<br><br>La premi\u00e8re arme, le sabre standard, est la plus couramment utilis\u00e9e et est con\u00e7ue pour un maniement \u00e0 une main, permettant une grande agilit\u00e9 et des mouvements rapides. <br><br>La deuxi\u00e8me arme, le sabre b\u00e2ton, est plus longue et se manie avec deux mains, offrant des options simultan\u00e9ment d\u00e9fensives et offensives et un contr\u00f4le am\u00e9lior\u00e9 en combat. <br><br>La troisi\u00e8me et derni\u00e8re arme est le sabre double, compos\u00e9 de deux sabres ind\u00e9pendants, exigeant une ma\u00eetrise \u00e9lev\u00e9e et offrant une dynamique de combat spectaculaire avec la possibilit\u00e9 de frappes multiples et de techniques de d\u00e9fense avanc\u00e9es. <br><br>Chacune de ces armes apporte une dimension unique au Ludosport, encourageant les pratiquants \u00e0 d\u00e9velopper des comp\u00e9tences diversifi\u00e9es et une compr\u00e9hension approfondie de diff\u00e9rentes strat\u00e9gies de combat.<\/p><\/div><\/div>\n<\/div>\n<\/div><\/div>\n<\/div><\/div>\n","protected":false},"excerpt":{"rendered":"<p>Ludosport France Un parcours p\u00e9dagogique complet Au sein de Ludosport suivez un parcours p\u00e9dagogique complet au travers de 7 formes de combats et 3 armes distinctes Deuxi\u00e8me Forme : Concentration sur le duel, avec un accent sur la pr\u00e9cision, le contr\u00f4le du centre et les techniques de riposte. Cours Y : Cours sp\u00e9cialis\u00e9 dans la [&hellip;]<\/p>\n","protected":false},"author":2,"featured_media":0,"parent":0,"menu_order":0,"comment_status":"closed","ping_status":"closed","template":"","meta":{"_uag_custom_page_level_css":"","site-sidebar-layout":"no-sidebar","site-content-layout":"plain-container","ast-site-content-layout":"normal-width-container","site-content-style":"unboxed","site-sidebar-style":"unboxed","ast-global-header-display":"","ast-banner-title-visibility":"","ast-main-header-display":"","ast-hfb-above-header-display":"","ast-hfb-below-header-display":"","ast-hfb-mobile-header-display":"","site-post-title":"disabled","ast-breadcrumbs-content":"","ast-featured-img":"disabled","footer-sml-layout":"","theme-transparent-header-meta":"enabled","adv-header-id-meta":"","stick-header-meta":"","header-above-stick-meta":"","header-main-stick-meta":"","header-below-stick-meta":"","astra-migrate-meta-layouts":"set","ast-page-background-enabled":"default","ast-page-background-meta":{"desktop":{"background-color":"","background-image":"","background-repeat":"repeat","background-position":"center center","background-size":"auto","background-attachment":"scroll","background-type":"","background-media":"","overlay-type":"","overlay-color":"","overlay-gradient":""},"tablet":{"background-color":"","background-image":"","background-repeat":"repeat","background-position":"center center","background-size":"auto","background-attachment":"scroll","background-type":"","background-media":"","overlay-type":"","overlay-color":"","overlay-gradient":""},"mobile":{"background-color":"","background-image":"","background-repeat":"repeat","background-position":"center center","background-size":"auto","background-attachment":"scroll","background-type":"","background-media":"","overlay-type":"","overlay-color":"","overlay-gradient":""}},"ast-content-background-meta":{"desktop":{"background-color":"var(--ast-global-color-5)","background-image":"","background-repeat":"repeat","background-position":"center center","background-size":"auto","background-attachment":"scroll","background-type":"","background-media":"","overlay-type":"","overlay-color":"","overlay-gradient":""},"tablet":{"background-color":"var(--ast-global-color-5)","background-image":"","background-repeat":"repeat","background-position":"center center","background-size":"auto","background-attachment":"scroll","background-type":"","background-media":"","overlay-type":"","overlay-color":"","overlay-gradient":""},"mobile":{"background-color":"var(--ast-global-color-5)","background-image":"","background-repeat":"repeat","background-position":"center center","background-size":"auto","background-attachment":"scroll","background-type":"","background-media":"","overlay-type":"","overlay-color":"","overlay-gradient":""}},"footnotes":""},"class_list":["post-10","page","type-page","status-publish","hentry"],"uagb_featured_image_src":{"full":false,"thumbnail":false,"medium":false,"medium_large":false,"large":false,"1536x1536":false,"2048x2048":false},"uagb_author_info":{"display_name":"France Admin","author_link":"https:\/\/france.ludosport.net\/?author=2"},"uagb_comment_info":0,"uagb_excerpt":"Ludosport France Un parcours p\u00e9dagogique complet Au sein de Ludosport suivez un parcours p\u00e9dagogique complet au travers de 7 formes de combats et 3 armes distinctes Deuxi\u00e8me Forme : Concentration sur le duel, avec un accent sur la pr\u00e9cision, le contr\u00f4le du centre et les techniques de riposte. Cours Y : Cours sp\u00e9cialis\u00e9 dans la&hellip;","_links":{"self":[{"href":"https:\/\/france.ludosport.net\/index.php?rest_route=\/wp\/v2\/pages\/10","targetHints":{"allow":["GET"]}}],"collection":[{"href":"https:\/\/france.ludosport.net\/index.php?rest_route=\/wp\/v2\/pages"}],"about":[{"href":"https:\/\/france.ludosport.net\/index.php?rest_route=\/wp\/v2\/types\/page"}],"author":[{"embeddable":true,"href":"https:\/\/france.ludosport.net\/index.php?rest_route=\/wp\/v2\/users\/2"}],"replies":[{"embeddable":true,"href":"https:\/\/france.ludosport.net\/index.php?rest_route=%2Fwp%2Fv2%2Fcomments&post=10"}],"version-history":[{"count":10,"href":"https:\/\/france.ludosport.net\/index.php?rest_route=\/wp\/v2\/pages\/10\/revisions"}],"predecessor-version":[{"id":488,"href":"https:\/\/france.ludosport.net\/index.php?rest_route=\/wp\/v2\/pages\/10\/revisions\/488"}],"wp:attachment":[{"href":"https:\/\/france.ludosport.net\/index.php?rest_route=%2Fwp%2Fv2%2Fmedia&parent=10"}],"curies":[{"name":"wp","href":"https:\/\/api.w.org\/{rel}","templated":true}]}}